 28 = -68. Calculate the remainder when 134 is divided by f.
6
Let x = -45 + 77. Suppose -6 = -35*i + x*i. What is the remainder when i is divided by 2?
0
Suppose 3*q = -322 + 2851. What is the remainder when q is divided by 94?
91
Let h be 0*1/((-1)/1). Suppose h = 5*m - 0*m - 245. Calculate the remainder when m is divided by 13 + 12/(-4) + 0.
9
Suppose -2*w = w - 27. Suppose 0*a + w = 3*a. What is the remainder when 14 is divided by a?
2
Let z(h) = -99*h + 25. Calculate the remainder when 448 is divided by z(0).
23
Suppose 6*h = 195 + 165. Calculate the remainder when 67 is divided by h.
7
What is the remainder when 1 + (106 - 6 - 5) is divided by 56?
40
Suppose 4*o - 3*d + 178 = 0, -o - 84 = o - 4*d. Let c = -40 - o. What is the remainder when 22 is divided by c?
4
Suppose 52 = -3*u + 148. Suppose 9*m - 1292 + 221 = 0. What is the remainder when m is divided by u?
23
Calculate the remainder when 7/(-4) + 1 - 743990/(-776) is divided by 96.
94
Suppose -4 - 8 = 4*v. What is the remainder when 23 is divided by (v + 2 - 23)/(-2)?
11
Let t be (0 - 2) + 267 + 2. Let r = -189 + t. Suppose -43*w + 33*w = -160. What is the remainder when r is divided by w?
14
Calculate the remainder when (-724)/(-14) + (-12)/(-42) is divided by 11.
8
Let k(f) = f**2 - 7*f - 9. Let q be k(8). What is the remainder when (-40)/(-30)*(-3)/q is divided by 4?
0
Suppose -3*d = -0*d - 5*u - 37, d + 5*u = -21. Let g(c) = c**3 - 8*c**2 - 4*c - 13. What is the remainder when g(9) is divided by 114/10 - d/10?
10
Suppose 0 = -5*m + x + 923, 24*m - 377 = 22*m + 3*x. Calculate the remainder when m is divided by 17.
14
Calculate the remainder when 133 is divided by -2 + 47 - -5 - (-9 - -14).
43
Suppose y = 2 - 5. Suppose -234*c = -230*c - 44. What is the remainder when y/((-9)/129) - 2 is divided by c?
8
Let u(q) = 36*q - 669. Let h be (-2)/4*-1*6. Suppose -h*o + 100 + 42 = -5*l, 3*o + 3*l = 126. What is the remainder when o is divided by u(19)?
14
Let m(s) = -s**3 + 19*s**2 - 17*s - 4. Suppose -2*b = -4 - 32. What is the remainder when m(b) is divided by 9?
5
Suppose 0*k - 4*k = x - 31, 4*x + 5*k = 157. Calculate the remainder when x is divided by (-3)/4 + 1150/40 + -16.
7
Let l(q) = 28*q**2 + 26*q - 4. What is the remainder when l(4) is divided by 19?
16
Suppose 51 = 3*j + z - 121, -231 = -4*j - 3*z. Let a = 92 - 72. Calculate the remainder when j is divided by a.
17
Let g(d) = 4*d**2 + 150*d - 157. Calculate the remainder when g(-52) is divided by 9.
6
Suppose 2*m = 3*i - 341, 2*i + 6*m = 4*m + 234. What is the remainder when i is divided by 25?
15
Let p(u) = -4*u**2 - 8*u - 3. Let c be p(-4). Let n = c + 52. Suppose 4 = -5*t - 6, 0 = -4*b - 2*t + 116. Calculate the remainder when b is divided by n.
13
Let f = 188 + -122. Let t be f*1*(-6)/(-18). Suppose 0 = 3*p + 4*d - 17 - t, 3*d + 18 = 3*p. Calculate the remainder when 34 is divided by p.
7
Let h = 68 - 40. Let b = h + 0. What is the remainder when 108 is divided by b?
24
Let s = -13 + -2. Let x(t) = -3*t**2. Let i be x(4). Let y = s - i. What is the remainder when y is divided by 17?
16
Suppose -3*m - 10 = -8*m. Suppose 3*g = -102 + 354. Suppose 6*o - m*o - g = 0. Calculate the remainder when 83 is divided by o.
20
Let z(o) = 5*o**3 + 3*o - 4. Let f be z(2). Suppose -2*a = 3*i - 212, 4*i - 54 = -a + f. What is the remainder when a is divided by 23?
20
Suppose -340*d = -342*d + 22. Calculate the remainder when 106 is divided by d.
7
Suppose -k - d = -2*d - 29, -4*k = d - 116. What is the remainder when k is divided by 11?
7
Suppose 68*r = 64*r + 96. What is the remainder when 69 is divided by r?
21
Let k(w) = 45*w - 3. Let b = -33 - -36. Suppose -2*p - 24 = -r, -21 = -r - b*p + 18. What is the remainder when k(2) is divided by r?
27
Let c = -22 - -35. Suppose -286*t + 279*t + 441 = 0. Calculate the remainder when t is divided by c.
11
Let f be (-16)/(3 - 1)*(-6)/16. Suppose f*r = -24 + 90. Calculate the remainder when 108 is divided by r.
20
Let u(z) = 31*z + 6. Suppose -5*t = -3*i + 12, 7*t = -i + 3*t + 4. Calculate the remainder when u(i) is divided by 33.
31
Let z be (-1)/(((-12)/(-8))/(-3) - -1). Suppose -2*k - 28 = 5*n, -3*n + 0*n - 5*k - 13 = 0. What is the remainder when 63 is divided by (n/18)/(z/102)?
12
Let r = 15 + -39. Let l = 43 + r. Suppose 3*t = 50 + l. What is the remainder when t is divided by 12?
11
Let r = 23 - 27. Let t = -2 - r. Suppose 2*h + y + t = 0, 0 = -y + 1 - 5. What is the remainder when 2 is divided by h?
0
Suppose 94*c + 9*c = 10094. What is the remainder when c is divided by 3?
2
Let a(m) = 35*m**2 - 27*m - 2. Let l be a(4). Suppose -3*t + l - 66 = 0. Calculate the remainder when t is divided by 34.
26
Suppose 0 = 8*x + 15*x - 2806. Calculate the remainder when x is divided by 63.
59
Suppose -4*l = -l - 96. Let u(q) = q**3 - 7*q**2 + 9. What is the remainder when l is divided by u(7)?
5
Suppose 4*g + 3*f - 92 = 0, -3*f - 15 - 33 = -3*g. Suppose 2*a + 13 = 3*q - 35, 56 = -2*a + q. What is the remainder when 28 is divided by ((-24)/1)/(a/g)?
12
Suppose g + 43 = 7*v - 6*v, 5*g - 37 = -v. What is the remainder when 1089 is divided by v?
39
Let v(z) = z**2. Let w be v(-2). Suppose 4*d = -12, -5*r = 17*d - 16*d - 52. Let x = r - w. Calculate the remainder when x is divided by 3.
1
Suppose 23 = u + 5*i, -7*i - 4 = -8*i. Let x be 13 + 2/(-4)*2. What is the remainder when u is divided by ((-3)/(-2))/(9/x)?
1
Let s(f) = f**2 - 3*f + 4. Calculate the remainder when s(17) is divided by 27.
26
Calculate the remainder when (((-36)/(-7))/(-2))/(37/(-1554)) is divided by 22.
20
Let x be (-8 - 2)/((-1)/10*-4). Let i = x + 38. What is the remainder when i is divided by 5?
3
Let h = 20 + -18. Let l(r) = r + 5. Let q be l(5). Suppose -2*t - q = -14. Calculate the remainder when h is divided by t.
0
Let f = 17 - 14. Suppose -3*i = -2*c + c + f, -15 = 5*i - 5*c. Suppose i = 3*g - 2*g - 8. Calculate the remainder when 13 is divided by g.
5
Suppose i = 7*a - 3*a + 49, -3*a = 3. What is the remainder when 448 is divided by i?
43
Let b(m) = -m**2 + 6*m - 3. Let h be b(6). Suppose -8*p - 5 = -3*p - 4*i, -p = -4*i + 17. Calculate the remainder when h/(-15) + (-49)/(-5) is divided by p.
1
Calculate the remainder when 23 is divided by 12 + (2 - 8) - -3.
5
What is the remainder when 2/14 + 153360/168 is divided by 61?
59
What is the remainder when 797 is divided by (38/6)/(120/(-18) - -7)?
18
Let v = 288 + -187. Suppose -v - 46 = -3*d. What is the remainder when d is divided by 10?
9
Let x = -34 - -63. Suppose -2*a = -3*r + 424, 3*r - 132 - 316 = -4*a. Calculate the remainder when r is divided by x.
28
Let u(w) = -8*w + 135. What is the remainder when u(11) is divided by 18?
11
Let w(b) = -b**3 - 2*b**2 + b - 1. Let v be w(-3). Suppose 67 = 2*t + v*x, 4*t - 2*t = -3*x + 73. Calculate the remainder when t is divided by 22.
19
Calculate the remainder when 91 is divided by -1 + 5 + -3 - -19 - -4.
19
Let q be (-8)/(2*(-4)/(-16)). Let y = q - -30. What is the remainder when y is divided by 6?
2
Suppose 4*w - 3 = -2*s + 7*s, w = -3*s + 22. Let u(i) = i**3 - 14*i**2 + 24*i + 20. What is the remainder when u(12) is divided by w?
6
Suppose 30 = -0*q + q. Suppose 0 = -2*k + 5*k + g - 540, 0 = g. Calculate the remainder when k/8*4 - 3 is divided by q.
27
Let d = 3 - -1. Let h = d + -1. Let z(t) = 2*t + 55. Calculate the remainder when z(-22) is divided by h.
2
Suppose 0 = -5*q - 2*d + 7475, 0 = 4*q - 5*d + 1232 - 7179. Calculate the remainder when q is divided by 34.
31
What is the remainder when 41 is divided by 2/(-4) - 8/32*-114?
13
Let c(j) = j**2 + j - 234. What is the remainder when c(19) is divided by 84?
62
Let g(s) = 36*s**2 + 1. What is the remainder when g(1) is divided by (-14)/2*1*20/(-14)?
7
Let m(j) = j**3 - 26*j**2 + 12*j - 253. Calculate the remainder when m(26) is divided by 13.
7
Suppose 2*u - 3 = 21. Let m(y) = -y**3 - 12*y**2 - 10*y + 13. Let g be m(-11). Suppose -g*t + 0*t = -u. Calculate the remainder when 16 is divided by t.
4
Let j(f) = f + 4. Let s be j(5). Let o = s + 7. Suppose 275 - 255 = 4*y. Calculate the remainder when o is divided by y.
1
Suppose -21*d - 784 = -1687. Calculate the remainder when d is divided by 40.
3
Suppose -3*m = -4*h - 8 + 26, 2*m = -2*h + 2. Calculate the remainder when (-1 - -